/(-3))/(37/111). Let u(k) = -k - 1. Suppose 2 = -5*m - 18. Let h(n) = 5*n + 4. Let l(f) = m*h(f) - 18*u(f). Calculate l(a).
6
Let o be 2/5 - (-12)/(-5). Let i be 1*(4 - 2 - o). Let j(r) = -20*r**2 - 133*r - 3. Let d(p) = 3*p**2 + 23*p. Let c(k) = -6*d(k) - j(k). What is c(i)?
15
Let n = -13 - -122. Let t = 103 - n. Let s(j) = -j**2 - 8*j + 3. What is s(t)?
15
Let b(l) = -l**3 + 24*l**2 - 32*l - 10. Let u be b(23). Let i = u - -402. Let m(c) = i - 185 - c. Give m(0).
0
Let c(g) = -g**3 - 4*g**2 - g + 1. Let d be c(-4). Let m(f) be the first derivative of f**4/4 - 5*f**3/3 + 4*f - 857. Calculate m(d).
4
Let k(c) = -c**3 + 9*c**2 - 9*c - 3. Let g = 0 + 0. Let x be (10 + 0)/((-48)/(-168)). Suppose -x = -4*q + 3*f, g = -5*q + 4*f + 11 + 33. Give k(q).
-11
Let p(x) = x + 1. Let m(u) = 2*u + 5. Let v(b) = 2*m(b) - 2*p(b). Let o be v(2). Let d(s) = 6*s**3 + 2*s**2 - s + 7*s**2 + o - 7*s**3. Give d(9).
3
Let y(j) = 19 + 294*j - 305*j + 0 + j**2 + 14. Calculate y(5).
3
Let p(t) = 5*t + 40. Let b(v) = 7*v**2 + 67*v + 143. Let w be b(-6). Calculate p(w).
5
Let y(a) = -a**3 - 11*a**2 - 12*a - 10. Let h be 5288/136 + 2/17. Suppose -6*r = 21 - h. Suppose -5*l + 0*v = -3*v + 65, r*v = -3*l - 15. Give y(l).
10
Let t(d) = -43*d + 119*d - 47*d - 33*d - 37. Calculate t(-7).
-9
Let c = -20679 + 90276. Let w(g) = g - 69597 + c. What is w(-5)?
-5
Let y(p) be the first derivative of -p**6/30 + 23*p**3/3 + 3*p**2/2 + 46. Let r(w) be the third derivative of y(w). Determine r(1).
-12
Let r = 13 + -18. Let o(w) = -14*w**2 + 14*w - 21. Let x(l) = 11*l**2 - 12*l + 16. Let p(k) = 4*o(k) + 5*x(k). Determine p(r).
-9
Let b(c) = c**3 - c**2 - 5. Let w be -3 + (10 - 4) + 1. Let q be -5*2/w*-2. Suppose 0 = -r + q*f - 15, -5*r - 6 = f - 3*f. Determine b(r).
-5
Let o(k) = -k**2 - 3. Let x(n) = -2*n**2 - 4. Let s(w) = 7*o(w) - 5*x(w). Let m be (24/(-40))/((-9)/45). What is s(m)?
26
Let x(h) = h**3 + 13*h**2 + 12*h - 4. Let v be -42*((-700)/(-49) - 14). What is x(v)?
-4
Let m(h) be the third derivative of -h**5/60 - h**4/24 + h**3/3 - 17*h**2. Let l be m(-2). Let t(p) = 4 - 628*p + 626*p + 4 + l. Give t(6).
-4
Suppose -7 - 5 = 2*z. Let t be ((-20)/(-25))/(z/(-15)). Suppose -2*o - t*o = -4. Let x(c) = 22*c**2 - c. Give x(o).
21
Let i(f) = -2*f**2 + 11*f - 3. Suppose -2*a + 18 = 2*o, -2*a = 4*o - 44 + 14. Determine i(o).
-9
Let q(b) = -6*b + 8*b + 0*b + 0 - 1 + 8*b. Calculate q(0).
-1
Suppose -d - 6 = -s - 4, 0 = 2*s + d - 19. Let b(x) = -44 + 5 + 12 + 13 + 9 + x. Calculate b(s).
2
Suppose 9*o - 7*o - 20 = 0. Let i(a) = -3 + 24*a**2 - 8*a**2 - o*a**2 - 7*a**2 - 8*a + a. What is i(-2)?
7
Let c(u) be the third derivative of u**6/120 - 3*u**5/20 - 7*u**4/24 - u**3/3 + u**2 + u - 92. Determine c(10).
28
Let l(w) = -8*w - 22. Let m(g) = 14*g + 43. Let d(n) = 13*l(n) + 6*m(n). Let v(a) = 14*a + 19. Let b(y) = 5*d(y) + 7*v(y). Determine b(7).
-21
Let d(z) = 1038*z**2 - z + 4*z - 3 - 1054*z**2. What is d(2)?
-61
Let o(i) = 152*i + 3320. Let u be o(-22). Let n(h) = -h**3 - 24*h**2 - 2*h - 20. What is n(u)?
28
Let c(k) be the first derivative of -k**4/4 - 2*k**3 - 5*k**2/2 + 27. Calculate c(-4).
-12
Let k = -1518 + 2655. Let a(h) = -h**2 - 1141*h - k*h + 4 + 2270*h. Let l be (-4)/(-10) - 32/5. What is a(l)?
16
Let a(l) = -2*l**2 + 4*l + 4. Let g be ((-508)/8 - -1)/(2/28). Let y = -877 - g. Calculate a(y).
-12
Let j be ((-920)/161)/(2/(-14)). Suppose -2*g + 5*a = j, -5*g - 34 = a + 3*a. Let v(x) = x + 13. Give v(g).
3
Let j(v) = -3*v + 66. Let a(t) = 43*t - 951. Let x(g) = -2*a(g) - 29*j(g). What is x(4)?
-8
Let l(u) be the second derivative of 5*u - u**2 - 1/12*u**4 - 7 - 1/3*u**3. Let d(i) = -4*i**2 + 1. Let c be d(1). Calculate l(c).
-5
Let o(u) = -u - 6. Let y(k) be the first derivative of -2*k**3/3 - k**2 + 7*k - 25. Let z be 14/(-4) + 1/2. Let n be y(z). Give o(n).
-1
Suppose 4*i - 7 = -3*j, -2*i + 6*j = 2*j + 2. Suppose 0 = -q + 7*o - 3*o + 20, 10 = -2*o. Let a(f) = f + q*f - i - 2*f + 4*f. Determine a(-6).
-19
Let k(z) = 7*z - 2. Let b(r) = -r**2 - 3*r + 3. Suppose -2*f = -5*f + 6. Suppose f*s - 3 = -1, 0 = -3*v + 5*s - 14. Let l be b(v). Calculate k(l).
19
Let l(j) = -7*j + 10. Let h(b) = 2*b - 2. Suppose 0 = -4*r + 6 - 10. Let k(a) = r*l(a) - 3*h(a). What is k(-10)?
-14
Let g(z) = -2*z - 1. Let w be g(-2). Suppose 4*h = w + 1. Let l(y) = 6053*y + 6103*y - 1 - 12155*y - y**2. Calculate l(h).
-1
Let m(b) be the third derivative of -b**4/12 + 4*b**3/3 - 1506*b**2. Determine m(0).
8
Let l(d) = -d**3 - 6*d**2 - 8*d - 14. Let k be l(-5). Let h be (4/6 + (-14)/21)*k. Let j(r) = r**2 + 2*r - 3. Give j(h).
-3
Suppose 0 = 5*r + 2*j - 61, -2*r + j = -35 + 25. Let c(p) = -p**3 + 11*p**2 - 15*p - 12. Give c(r).
15
Let o(q) = q**2 - 19*q + 2. Let x be (-3073)/(-154) + 128/2816. What is o(x)?
22
Let l(k) = k. Let b(g) = -3*g + 1. Let v(p) = -b(p) - 4*l(p). Let h(m) be the first derivative of -m**2/2 - m + 27. Let q(y) = h(y) - 2*v(y). Give q(4).
5
Let h(x) = -3*x + 2. Let q be h(2). Let f = q - 2. Let p(j) = j - j**3 - 4356 + 2175 - 6*j**2 + 0*j + 2182. Calculate p(f).
-5
Let v(h) = 21 + h**2 + 14 + 1 - 3152*h - 10 + 3153*h. Give v(0).
26
Let v be (6/5)/(1/((-30)/(-4))). Let l(z) = -2 + v*z - 4*z + 2 + 17. Let p be l(-5). Let d(n) = -n**3 - 8*n**2 - 2*n - 4. What is d(p)?
12
Let w be 20/(-8)*(-30)/3 - -2. Suppose 6*v - 9*v + w = 0. Suppose -v = -11*d + 57. Let m(b) = -b**3 + 6*b**2 - 7. What is m(d)?
-7
Let y(u) = -11*u**3 + 6*u**2 - 8*u + 10. Let w(j) = -9*j**3 + 6*j**2 - 7*j + 10. Let r(m) = 5*w(m) - 4*y(m). Calculate r(0).
10
Let k be ((-180)/24)/(3/2). Let l(x) = -x - 27. Determine l(k).
-22
Let d(w) = -3*w - 57. Suppose -b = 4*a + 9, 2*b - 17 = 4*a - 83. Give d(b).
18
Let a(w) be the first derivative of -w**4/2 + 2*w**3 - 3*w**2 - 3*w - 3639. Calculate a(3).
-21
Suppose 3*x = 5*h + 56, 8*x = 4*x - 4*h + 32. Let l(a) = -2*a - x - 13 + 43 - 10. What is l(8)?
-8
Let l(k) = 6*k**2 - 11*k + 8. Let y be l(4). Let r = 62 - y. Suppose -2*v + 3*t - 7*t = -6, -4*v = -r*t - 2. Let s(b) = -2*b**3 - b**2 + b. Determine s(v).
-2
Let k(v) = -18*v - v**3 + 7*v + 7 - 7*v**2 + 20*v. Let t(j) = -j**3 - 4*j**2 + 8*j + 7. Let l be t(-5). Determine k(l).
-1
Let p(o) = -o - 3. Suppose 11*i - 346 = -60. Suppose -3*u = 2*u - 100. Let h = u - i. What is p(h)?
3
Let l(c) = -c + 4. Let n(p) = -6*p + 30. Let o(x) = 6*l(x) + n(x). What is o(5)?
-6
Suppose 3*x + 12 = 2*v, 123*v - x = 121*v + 4. Let n(t) = 2*t**2 - t + 21. Calculate n(v).
21
Let j = 0 + -4. Let i be ((-519)/18)/(12/(-72)). Let l(t) = -i*t + 93*t + 86*t + 2*t**2. Give l(j).
8
Let r(h) = h**3 - 3*h**2 + 4*h - 3. Suppose -248 = -9*y + 679. Suppose 3*u + 101 = 2*u. Let w = y + u. Calculate r(w).
1
Let d(t) = -t**3 - 18*t**2 - 43*t + 15. Let m be 51/(-4) + (-1602)/712. Determine d(m).
-15
Let r(p) be the first derivative of p**2/2 - 2*p + 2. Suppose 5*k - 24 + 19 = -4*h, 3*k = 3*h - 24. Determine r(h).
3
Suppose -4097*v - 90 = -4115*v. Let q(k) be the second derivative of 1/20*k**v - k - 2*k**2 + 5/12*k**4 + 0 + 1/2*k**3. Calculate q(-3).
5
Let u(n) = n**2 - 78*n - 2077. Let v be u(-21). Let c(g) be the second derivative of 1/12*g**4 - 1/2*g**v + 0 + 7/6*g**3 + 7*g. What is c(-5)?
-11
Let l(u) be the first derivative of -2*u**3/3 + 9*u**2 - 50*u + 4054. What is l(4)?
-10
Let r = -15 + 26. Suppose -m - r = -3*f, -f + 2 = -2*m - 0*f. Let p(h) = -15*h**2 - 7*h + 19*h**2 + 8*h + m. Determine p(-1).
4
Let o(q) = 22*q + 152. Let g(p) = -2*p - 11. Let r(d) = 42*g(d) + 3*o(d). Determine r(-1).
12
Let z(u) = u**2 + u - 15. Suppose -10 - 73 = 10*s - 13. Give z(s).
27
Let l(z) = -89 - 77 + 24*z - 67 - 5*z**2 + 221. Determine l(5).
-17
Let r(x) = -x + 5. Let w(a) = -26. Let i(m) = -10. Let z(n) = 15*i(n) - 6*w(n). Let u(t) = -3*r(t) + 4*z(t). Calculate u(-6).
-9
Let b(n) be the third derivative of -n**5/60 - n**4/3 + n**3/2 - 106*n**2 + 3*n. Determine b(-10).
-17
Let g(x) = 51*x + 2. Let l(h) = -36*h - 1. Let p(z) = -5*g(z) - 7*l(z). Let r = -21 + 7. Let o = r - -10. Determine p(o).
9
Let k(m) = 5*m**3 + 11*m**2 + 6*m - 8. Suppose 5*g + 1 = -4*f, -3*g - 18 = -3*f + 15. Let y(j) = -j**3 + j + 1. Let a(o) = f*y(o) + k(o). What is a(12)?
-2
Suppose -741*o - 1834 + 352 = 0. Let g(b) be the third derivative of -1/6*b**4 + 0 + 0*b + b**2 + 1/6*b**3. Determine g(o).
9
Let k be (